se 12.
-2288
What is -230 (base 6) in base 5?
-330
-6631 (base 8) to base 12
-2021
Convert -2242 (base 5) to base 11.
-273
What is -3220221 (base 4) in base 10?
-14889
Convert -1002000 (base 3) to base 7.
-2166
Convert -477b (base 15) to base 7.
-62201
-978 (base 14) to base 7
-5311
-100111011 (base 2) to base 4
-10323
What is b55 (base 14) in base 12?
135b
Convert 124202 (base 6) to base 9.
16452
14434 (base 7) to base 13
1a83
What is -927 (base 10) in base 4?
-32133
4 (base 15) to base 5
4
Convert 14525 (base 6) to base 2.
100100110101
What is 472 (base 10) in base 13?
2a4
-12642 (base 8) to base 16
-15a2
2019 (base 10) to base 12
1203
52303 (base 6) to base 11
5305
What is 492 (base 11) in base 4?
21021
Convert -22544 (base 6) to base 16.
-ca0
What is -6823 (base 12) in base 9?
-16750
What is -23958 (base 10) in base 14?
-8a34
15454 (base 6) to base 2
100111111010
Convert 111221212 (base 3) to base 7.
41444
-2b892 (base 12) to base 9
-103622
Convert 10625 (base 8) to base 14.
18d7
Convert 2450 (base 6) to base 16.
25e
What is -1322 (base 5) in base 3?
-21212
Convert 3430 (base 6) to base 10.
810
-16343 (base 8) to base 5
-214040
-7b55 (base 15) to base 4
-12121010
Convert -375 (base 13) to base 10.
-603
What is 38a (base 14) in base 12?
4b2
What is -102013 (base 4) in base 8?
-2207
What is 1010110101 (base 2) in base 10?
693
Convert 2023 (base 5) to base 12.
19b
26721 (base 8) to base 4
2313101
What is -10100100110 (base 2) in base 7?
-3562
1220 (base 7) to base 13
290
Convert -7779 (base 10) to base 16.
-1e63
-527a (base 11) to base 16
-1b48
What is 61631 (base 7) in base 15?
46e5
Convert -4136 (base 10) to base 16.
-1028
111441 (base 6) to base 8
22361
Convert -10664 (base 9) to base 11.
-537a
What is -101100100010 (base 2) in base 8?
-5442
What is -4241 (base 8) in base 16?
-8a1
What is 2297 (base 10) in base 16?
8f9
What is 270 (base 14) in base 12?
34a
-650f (base 16) to base 7
-135266
Convert 3112 (base 4) to base 13.
136
What is 5412 (base 7) in base 11?
1496
150c (base 13) to base 12
1926
Convert 235 (base 6) to base 2.
1011111
What is 960d (base 16) in base 10?
38413
What is -657 (base 13) in base 2?
-10000111110
What is -6c1 (base 14) in base 2?
-10101000001
What is -b202 (base 13) in base 12?
-12223
Convert -2314 (base 5) to base 4.
-11032
Convert 1100132 (base 5) to base 13.
8727
b047 (base 14) to base 6
352011
What is -1c91 (base 13) in base 2?
-1000011110111
What is 27a78 (base 12) in base 6?
1103032
70 (base 10) to base 12
5a
What is 243146 (base 7) in base 15?
d205
-2be (base 15) to base 3
-212022
Convert 268 (base 15) to base 9.
668
What is 89 (base 16) in base 8?
211
Convert -110002 (base 3) to base 13.
-1c1
Convert -22010011 (base 3) to base 10.
-5917
-2a7b (base 16) to base 5
-322000
What is -8537 (base 9) in base 3?
-22121021
Convert 44 (base 12) to base 15.
37
Convert -543 (base 16) to base 11.
-1015
Convert -640 (base 7) to base 15.
-167
What is 2317 (base 9) in base 8?
3265
-11211 (base 5) to base 6
-3422
What is -31a5 (base 13) in base 9?
-10411
What is 486 (base 10) in base 12?
346
Convert f9 (base 16) to base 14.
13b
Convert -1431 (base 9) to base 4.
-100321
Convert 130032 (base 4) to base 7.
5160
272 (base 9) to base 4
3203
What is 68 (base 15) in base 16?
62
Convert 11121 (base 5) to base 7.
2202
What is 187 (base 9) in base 16?
a0
What is 360 (base 10) in base 7?
1023
4b6 (base 13) to base 2
1100111001
What is 756 (base 10) in base 3?
1001000
What is 2102 (base 7) in base 15?
342
Convert -1000020 (base 3) to base 8.
-1337
What is -e91 (base 16) in base 11?
-2890
Convert -111000000 (base 2) to base 4.
-13000
230324 (base 6) to base 9
28747
What is 31338 (base 10) in base 12?
16176
Convert -6138 (base 10) to base 11.
-4680
What is -533 (base 13) in base 15?
-3e2
Convert 211110211 (base 3) to base 11.
11345
What is 8b (base 16) in base 8?
213
-1457 (base 9) to base 12
-781
-1160 (base 10) to base 2
-10010001000
3ca (base 15) to base 13
517
-130b (base 16) to base 8
-11413
What is 42a59 (base 11) in base 7?
350134
104104 (base 6) to base 12
5034
What is -1015 (base 7) in base 9?
-434
-574 (base 14) to base 16
-43a
Convert -15 (base 9) to base 11.
-13
Convert -2be (base 15) to base 3.
-212022
-85a (base 16) to base 11
-1674
123422 (base 5) to base 16
12fe
Convert -6c (base 13) to base 3.
-10100
431 (base 16) to base 7
3062
-11525 (base 6) to base 15
-78e
-26560 (base 8) to base 3
-120221211
What is -1722 (base 14) in base 8?
-10062
What is 2042102 (base 5) in base 3?
1201200021
What is -400024 (base 5) in base 14?
-47bc
-60 (base 15) to base 5
-330
41074 (base 9) to base 16
69a0
-298 (base 10) to base 8
-452
What is -212022 (base 3) in base 11?
-522
2921 (base 15) to base 16
2266
-e0c7 (base 16) to base 7
-326523
What is 3674 (base 8) in base 5?
30410
Convert -2532 (base 6) to base 5.
-10012
Convert -21310113 (base 4) to base 11.
-2823a
Convert -35546 (base 8) to base 11.
-10474
Convert 100001111 (base 2) to base 4.
10033
2021111 (base 4) to base 16
2255
What is -2244431 (base 5) in base 13?
-15644
295 (base 16) to base 15
2e1
What is -105356 (base 9) in base 13?
-22893
Convert 11220 (base 6) to base 7.
4440
What is 101111101101001 (base 2) in base 12?
12175
-12071 (base 11) to base 2
-100001111100101
Convert -35183 (base 9) to base 4.
-11232330
Convert -2340 (base 6) to base 4.
-20310
Convert -36a (base 11) to base 14.
-235
Convert -3156 (base 16) to base 5.
-401010
What is -287 (base 10) in base 5?
-2122
-1029 (base 14) to base 9
-3730
2305 (base 10) to base 15
a3a
Convert 6332 (base 8) to base 16.
cda
What is 38241 (base 10) in base 9?
57410
Convert -26a5 (base 14) to base 7.
-25565
What is 37b8 (base 13) in base 8?
17365
-2045 (base 9) to base 2
-10111011011
What is 829 (base 16) in base 9?
2771
What is 760 (base 11) in base 10?
913
Convert 10111000000 (base 2) to base 9.
2015
Convert 127414 (base 8) to base 10.
44812
Convert 99 (base 15) to base 2.
10010000
Convert -3430020 (base 5) to base 4.
-32331030
What is -3bc5 (base 13) in base 12?
-4b97
What is -1232103 (base 4) in base 11?
-5338
Convert 1a3c (base 13) to base 4.
331202
Convert 1001010011000011 (base 2) to base 10.
38083
Convert -23773 (base 9) to base 13.
-7344
1111 (base 3) to base 15
2a
What is 25485 (base 10) in base 14?
9405
Convert -672 (base 10) to base 7.
-1650
What is -103452 (base 6) in base 12?
-4b88
1120033 (base 6) to base 15
11d80
What is -1110011011 (base 2) in base 11?
-76a
What is 7a7 (base 14) in base 15?
6b4
-2471 (base 11) to base 10
-3224
-1219a (base 11) to base 8
-42175
What is 13044 (base 8) in base 3?
21202221
Convert 413310 (base 5) to base 13.
6248
1011120022 (base 3) to base 16
59e4
-12125 (base 8) to base 5
-131310
Convert -609 (base 10) to base 4.
-21201
2674 (base 9) to base 4
133123
Convert 1340311 (base 5) to base 12.
13b65
Convert -583 (base 11) to base 12.
-4a0
What is -10636 (base 8) in base 10?
-4510
Convert 40530 (base 7) to base 12.
5866
-2a1b (base 12) to base 15
-16ce
Convert -13100 (base 4) to base 11.
-392
What is 132124 (base 5) in base 8?
12251
What is -104226 (base 8) in base 13?
-12bb9
What is 406 (base 15) in base 5?
12111
What is -55441 (base 6) in base 7?
-31351
323443 (base 6) to base 10
26739
Convert -1000111010010 (base 2) to base 10.
-4562
-5c02 (base 16) to base 6
-301014
-402303 (base 5) to base 7
-52254
What is 162 (base 9) in base 16?
89
What is 1222 (base 3) in base 9?
58
Convert 1504 (base 8) to base 4.
31010
-15001 (base 10) to base 8
-35231
Convert -20121023 (base 4) to base 9.
-52138
What is -112232 (base 4) in base 13?
-87b
1010111101101 (base 2) to base 13
272a
-858 (base 11) to base 3
-1102012
-45106 (base 8) to base 11
-13316
What is 2100220 (base 4) in base 14?
3532
2e23 (base 15) to base 11
7510
1414 (base 6) to base 7
1036
Convert -1110010101001011 (base 2) to base 13.
-20944
342 (base 5) to base 4
1201
What is 1140 (base 14) in base 10?
2996
Convert -930 (base 10) to base 14.
-4a6
Convert -1b43 (base 12) to base 2.
-110100100011
-19d (base 16) to base 9
-508
Convert -1124014 (base 5) to base 2.
-101000000011101
20 (base 12) to base 4
120
What is 2111200 (base 3) in base 11?
1411
What is -231312 (base 4) in base 14?
-10d8
110 (base 5) to base 9
33
Convert -44675 (base 11) to base